15233 a composite number?
False
Is 235289 a composite number?
False
Is 148477 a prime number?
False
Is 18007 a composite number?
True
Is 17287 composite?
True
Is 55 composite?
True
Is 13747 prime?
False
Is 78711 prime?
False
Is 3161 composite?
True
Is 992051 composite?
False
Is 1919 a composite number?
True
Is 4177 composite?
False
Is 293173 a prime number?
True
Is 27539 a composite number?
False
Is 259949 prime?
True
Is 665447 prime?
True
Is 27361 a composite number?
False
Is 85681 a composite number?
True
Is 4727 prime?
False
Is 691349 a prime number?
True
Is 268369 a prime number?
False
Is 150583 a prime number?
True
Is 7499 prime?
True
Is 307 a prime number?
True
Is 598726 a composite number?
True
Is 6317 a prime number?
True
Is 505339 a prime number?
True
Is 977719 a prime number?
True
Is 677 prime?
True
Is 1697953 a prime number?
True
Is 9547 a composite number?
False
Is 18805 a prime number?
False
Is 5615 composite?
True
Is 15817 a composite number?
False
Is 64873 a composite number?
True
Is 251987 prime?
False
Is 17737 a prime number?
True
Is 212353 a prime number?
True
Is 111409 a prime number?
True
Is 59089 prime?
False
Is 1823149 prime?
True
Is 977073 composite?
True
Is 1381 composite?
False
Is 62969 a prime number?
True
Is 73663 a composite number?
True
Is 10007 composite?
False
Is 45683 a composite number?
True
Is 489631 prime?
True
Is 261757 composite?
False
Is 11987 prime?
True
Is 306653 prime?
True
Is 34519 composite?
False
Is 19999 prime?
False
Is 17674 composite?
True
Is 10267 a prime number?
True
Is 797 composite?
False
Is 8209 a prime number?
True
Is 295 composite?
True
Is 8353 a composite number?
False
Is 14253 a prime number?
False
Is 155801 prime?
True
Is 2819 composite?
False
Is 6521 composite?
False
Is 276439 composite?
False
Is 213149 a composite number?
False
Is 34311 a composite number?
True
Is 12677 prime?
False
Is 15766 prime?
False
Is 204937 composite?
True
Is 19263 composite?
True
Is 406649 a prime number?
True
Is 1651 a prime number?
False
Is 2556943 composite?
False
Is 116251 prime?
False
Is 1439969 prime?
True
Is 498935 prime?
False
Is 9481 a composite number?
True
Is 2901 a prime number?
False
Is 691363 prime?
True
Is 17617 prime?
False
Is 21043 composite?
True
Is 3247 a composite number?
True
Is 128389 prime?
True
Is 73977 a prime number?
False
Is 8185 composite?
True
Is 270901 a prime number?
False
Is 12853 prime?
True
Is 69933 composite?
True
Is 67049 composite?
False
Is 25777 a composite number?
True
Is 233059 a prime number?
False
Is 86827 composite?
True
Is 220529 a prime number?
True
Is 217993 prime?
False
Is 173039 a prime number?
True
Is 3377 composite?
True
Is 14201 prime?
False
Is 7177 composite?
False
Is 260569 composite?
False
Is 6611 a prime number?
False
Is 528187 a prime number?
False
Is 316671 a composite number?
True
Is 10129 a composite number?
True
Is 504877 composite?
False
Is 16603 composite?
False
Is 316403 prime?
True
Is 3352031 prime?
True
Is 479 a composite number?
False
Is 235153 a composite number?
True
Is 2073 composite?
True
Is 4201 prime?
True
Is 38261 prime?
True
Is 983 a prime number?
True
Is 31469 a prime number?
True
Is 198847 a composite number?
True
Is 19531 a prime number?
True
Is 29717 a composite number?
False
Is 4493 prime?
True
Is 10001 prime?
False
Is 13829 a composite number?
False
Is 19957 a prime number?
False
Is 28909 composite?
False
Is 37889 a prime number?
True
Is 11099 composite?
True
Is 1215969 a composite number?
True
Is 1767967 prime?
False
Is 2837 prime?
True
Is 260769 prime?
False
Is 4796191 a prime number?
True
Is 464371 composite?
False
Is 13751 a composite number?
False
Is 631 a composite number?
False
Is 1228109 composite?
False
Is 4111 prime?
True
Is 1831 prime?
True
Is 291301 composite?
True
Is 1141253 a prime number?
True
Is 916411 a composite number?
False
Is 284023 prime?
True
Is 314491 composite?
False
Is 54737 prime?
False
Is 164911 a composite number?
False
Is 9629 a prime number?
True
Is 78911 composite?
True
Is 12199 prime?
False
Is 55661 a composite number?
False
Is 42061 a composite number?
False
Is 117017 a prime number?
True
Is 26227 composite?
False
Is 316471 a prime number?
True
Is 14767 prime?
True
Is 1291 composite?
False
Is 16153 composite?
True
Is 388727 composite?
False
Is 1793 a prime number?
False
Is 1593583 a composite number?
False
Is 62203 composite?
True
Is 7349 a composite number?
False
Is 19069 prime?
True
Is 18919 a composite number?
False
Is 447563 composite?
True
Is 108538 prime?
False
Is 479 prime?
True
Is 4489 composite?
True
Is 1116107 a composite number?
False
Is 6082 prime?
False
Is 41542 a composite number?
True
Is 32645 composite?
True
Is 311251 a prime number?
False
Is 133919 a composite number?
False
Is 1095671 prime?
True
Is 736679 a prime number?
True
Is 64301 composite?
False
Is 1698373 prime?
False
Is 466383 a prime number?
False
Is 111949 prime?
True
Is 57238 a prime number?
False
Is 313489 a composite number?
True
Is 21211 a prime number?
True
Is 15499 composite?
True
Is 15259 prime?
True
Is 40739 a prime number?
True
Is 18589 a composite number?
True
Is 40189 composite?
False
Is 276319 composite?
False
Is 181721 prime?
True
Is 95777 prime?
False
Is 24611 prime?
True
Is 78971 prime?
False
Is 30631 prime?
True
Is 9233 composite?
True
Is 9987 a composite number?
True
Is 8419 prime?
True
Is 10559 a prime number?
True
Is 113111 a prime number?
True
Is 947 composite?
False
Is 203761 a prime number?
True
Is 561817 composite?
True
Is 844333 composite?
True
Is 9029 a composite number?
False
Is 877 a composite number?
False
Is 82003 composite?
False
Is 27533 prime?
False
Is 19207 a prime number?
True
Is 42781 composite?
True
Is 239753 a composite number?
False
Is 24179 a composite number?
False
Is 200617 a prime number?
False
Is 73009 a composite number?
False
Is 173039 a composite number?
False
Is 7801 prime?
False
Is 17279 composite?
True
Is 2767 a prime number?
True
Is 5779 composite?
False
Is 8363 a composite number?
False
Is 32353 a composite number?
False
Is 2053 a composite number?
False
Is 33827 a composite number?
False
Is 488821 a composite number?
False
Is 298673 composite?
True
Is 607573 a composite number?
False
Is 70502 prime?
False
Is 10589 prime?
True
Is 184537 prime?
False
Is 104431 a prime number?
False
Is 233515 a composite number?
True
Is 2578 composite?
True
Is 336793 composite?
False
Is 398581 prime?
True
Is 91781 prime?
True
Is 79757 a prime number?
True
Is 67699 composite?
False
Is 339793 composite?
True
Is 20789 composite?
False
Is 673 a prime number?
True
Is 1290869 prime?
True
Is 3189 a prime number?
False
Is 215051 a composite number?
False
Is 1592841 a composite number?
True
Is 6359 a composite number?
False
Is 7559 composite?
False
Is 19051 a composite number?
False
Is 67 composite?
False
Is 16129 prime?
False
Is 693659 a prime number?
True
Is 78391 a prime number?
False
Is 1970567 a prime number?
True
Is 11801 a composite number?
False
Is 4358 a prime number?
False
Is 34411 a prime number?
False
Is 3259 composite?
False
Is 43233 composite?
True
Is 24443 composite?
False
Is 904087 composite?
False
Is 354247 composite?
False
Is 8285 a composite number?
True
Is 227789 a prime number?
True
Is 23101 prime?
False
Is 2959 composite?
True
Is 17783 a prime number?
True
Is 63241 composite?
False
Is 55987 composite?
False
Is 285577 a prime number?
False
Is 39779 a composite number?
False
Is 26831 a composite number?
True
Is 592265 composite?
True
Is 8407 prime?
False
Is 24577 composite?
True
Is 1028267 a prime number?
False
Is 274479 prime?
False
Is 234903 a prime number?
False
Is 4808291 a composite number?
True
Is 71458 composite?
True
Is 6907 composite?
False
Is 54287 prime?
True
Is 2897 composite?
False
Is 2122 composite?
True
Is 2670019 a composite number?
True
Is 39383 a composite number?
False
Is 7563 a composite number?
True
Is 17209 a composite number?
False
Is 15161 prime?
True
Is 237353 a composite number?
True
Is 1678571 a composite number?
False
Is 9871 composite?
False
Is 11579 a composite number?
False
Is 151019 a prime number?
False
Is 370551 composite?
True
Is 153607 prime?
True
Is 1739 a composite number?
True
Is 19051 composite?
False
Is 15427 a prime number?
True
Is 2